51. Calculate the remainder when x is divided by 20.
17
Suppose -23 - 516 = -11*k. Calculate the remainder when 244 is divided by k.
48
Suppose 0 = 4*h + 27*n - 22*n - 379, -9*h + 919 = -2*n. What is the remainder when 730 is divided by h?
23
Suppose -3*u + 271 = -5*s, -70*s - 25 = -65*s. What is the remainder when 235 is divided by u?
71
Calculate the remainder when 727 is divided by 4 + 2 + 9 + 69 + -3.
79
Suppose 9*h = 2*h + 19754. Suppose 11*o - 28*o = -h. Calculate the remainder when o is divided by 43.
37
What is the remainder when (22/6)/((-15)/(-585)) is divided by 65?
13
Suppose 0 = 4*a - l - 4, -4*l = 3*a - 1 - 2. What is the remainder when 13 is divided by a?
0
Suppose -6*y = -2*y - 176. Let g(i) = -598*i - 108. Let j be g(-5). Suppose 0 = -10*z + 32*z - j. What is the remainder when z is divided by y?
43
Suppose -6*i = 77 - 83. What is the remainder when 102 is divided by i - (-64)/3 - 3/9?
14
Let l(s) = 16*s - 24. Let u be l(3). Suppose 2*b = -5*x + 92, -20 = u*b - 19*b. Calculate the remainder when 55 is divided by x.
15
Let z(m) = -m**2 - 12*m - 38. Let w be z(-7). Let l(n) = -n**3 + n**2 - n - 22. What is the remainder when 22 is divided by l(w)?
5
Let h = 58007 + -57977. Calculate the remainder when (-884)/(-5) + 2/10 is divided by h.
27
Let g = -368 - 21. Let d = 418 + g. Calculate the remainder when 66 is divided by d.
8
Let t = -944 - -1463. Let v(c) = -32*c - 991. Calculate the remainder when t is divided by v(-33).
64
Let k(p) = -2*p**3 + 106*p**2 + 584*p + 146. What is the remainder when 3404 is divided by k(58)?
2
Let n = 11376 + -10711. Calculate the remainder when 2009 is divided by n.
14
Suppose -r - 10*r + 2288 = 0. Let y = -299 - -330. What is the remainder when r is divided by y?
22
Let l be 2*207 + -3 + 0 - -3. Let w = -384 + l. Calculate the remainder when w is divided by (-4)/10 - 51/(-15).
0
Suppose -41*n = -43*n - 32. What is the remainder when 144 is divided by ((-72)/n)/9*42?
18
Let x = 829 - 462. Calculate the remainder when x is divided by 63.
52
Let u(z) be the third derivative of 52*z**5/3 - z**4/8 + z**3 - 3*z**2. Let c be u(2). Calculate the remainder when ((-3)/5 - -1) + c/100 is divided by 15.
12
Suppose -1856*w + 1920*w - 6976 = 0. Calculate the remainder when w is divided by 88.
21
Let m = 12010 - 11813. Calculate the remainder when 1185 is divided by m.
3
Suppose 3*w - 21750 = -11*c + 10*c, 4*c - 14510 = -2*w. Calculate the remainder when w is divided by 14.
11
Let m(q) = -13*q + 168. Let w(g) = -5*g + 57. Let i(c) = 3*m(c) - 8*w(c). Let b = -157 - -310. Calculate the remainder when b is divided by i(-35).
10
Suppose 14*w = 15*w - 19. Suppose 170 = 5*s + 5*j, 2*j = s - 2*j - w. Calculate the remainder when 149 is divided by s.
25
Suppose -2*k + 893 - 55 = 0. Calculate the remainder when k is divided by (-33 - -5)*4/(-4).
27
Let r = -6120 - -6365. Calculate the remainder when r is divided by 90.
65
Let i(u) = 26*u + 13. Let d be i(4). Suppose -495 = -18*r + 7*r. Suppose -3*n + r = -d. Calculate the remainder when n is divided by 29.
25
Suppose 4*k = -5*h + 172, -5*k - 27 = -17. Suppose 4*o + 35 = 3*g, g = 3*g - 4*o - 26. What is the remainder when h is divided by g/(-6) + 82/4?
17
Let z be (-4 - 0/1)*(-9032)/16. Suppose z + 1504 = 19*v. What is the remainder when v is divided by 97?
4
Let o = 1663 + -1517. Calculate the remainder when 1161 is divided by o.
139
Suppose 2*s = -42 + 40, 3*y - 502 = 4*s. Suppose 4*w + 0 - 52 = 0. Calculate the remainder when y is divided by w.
10
Let q = -174 - -180. Let k = 49 - -51. What is the remainder when k is divided by 2*27/18*34/q?
15
Let z(x) = 5*x**2 - 40*x - 220. Calculate the remainder when z(20) is divided by 237.
32
Suppose 14*r - 642 = 5224. Let t = r - 357. Calculate the remainder when t is divided by 32.
30
Suppose -26*f + 23*f + 642 = 4*d, -2*f = -2*d - 456. Calculate the remainder when f is divided by 35.
12
Let f(d) = 74*d + 3435. Suppose 3*j - 5*t + 9 = -1, -5*t + 25 = 0. Suppose -j*z + 32 = -3*z. What is the remainder when f(-46) is divided by z?
15
Suppose -5*s + 60 = -2*s. Let d be (20/(-45))/((-2)/18). Suppose -4 = 2*a, 0 = -4*t + d*a + 101 + 223. What is the remainder when t is divided by s?
19
Let b = -56 + 65. Suppose 2 = 2*g + m - 1, -b = -5*g - 2*m. Suppose -g*u - 49 = -4*q, 0*u - 6 = -q + 2*u. Calculate the remainder when 94 is divided by q.
14
Suppose 785 = 11*s + 81. Calculate the remainder when 149 is divided by (s/8 + -5)*2.
5
Let k(v) = 55*v + 4. Let y be k(-4). Let h = -26 - y. Suppose 5*a - 234 = q, -3*a = a + 2*q - h. What is the remainder when 91 is divided by a?
44
Suppose 294*i - 289*i - 5 = 0. Calculate the remainder when i - (18/(-6) + -44) is divided by 11.
4
Suppose -4*p + 37 + 14 = 5*n, -4*p = -4*n + 48. Suppose -3*r + 5*z = 73 + 40, 0 = z - 4. Let x = r - -51. What is the remainder when x is divided by n?
9
Suppose -23*b - 567 + 1533 = 0. What is the remainder when b is divided by (85/17)/((-10)/(-52))?
16
Suppose 455 = 5*k - 10*t, -t + 37 = 40. What is the remainder when 594 is divided by k?
84
Let h(o) = -o**3 + 17*o**2 + 5. Let y be h(17). Let k(f) = 4*f - 14. Let j be k(y). Calculate the remainder when j/(-10)*(-2 - 73) is divided by 12.
9
Let u = 906 - 690. Let z(w) = -w**3 - 10*w**2 + 6*w - 30. What is the remainder when u is divided by z(-11)?
16
Let x = 160 + -1140. Let w = -744 - x. What is the remainder when w is divided by 48?
44
Let f(v) = -v**3 + 5*v**2 + 4*v. Suppose -42*s + 5*k = -46*s + 21, -3*k + 9 = 2*s. Calculate the remainder when f(5) is divided by s.
2
Let j(y) = y**3 + 6*y**2 - 6*y - 9. Let d(z) = 2*z**3 + 3*z**2 - 4. Let c be d(3). Calculate the remainder when j(-6) is divided by (-1 + 6)/(77/c).
2
Suppose -n - o = -1824, -n + 5*o - 7*o = -1819. Calculate the remainder when n is divided by 36.
29
Let w(f) = -116*f**2 + 92*f + 6. Let v be w(6). Calculate the remainder when 747 is divided by 6/(-16) + v/(-48).
72
Calculate the remainder when 259 is divided by (0 - (-2)/(-30)) + (524734/(-555))/(-7).
124
Let t(j) = -55*j - 13. Let p(y) = y**2 - 29*y - 25. Let w be p(12). Let u = 261 + w. Calculate the remainder when t(-6) is divided by u.
29
Calculate the remainder when 1133 is divided by ((-16)/(-2))/(3*(2 + 434/(-231))).
11
Let f(p) = 672*p + 32. Let l be f(11). Suppose -4*o = -0*o - l. Suppose 1568 = 16*r - o. Calculate the remainder when r is divided by 31.
28
Suppose 3*c + 1839 = -c - q, 0 = -4*q + 4. Let y = c - -640. What is the remainder when y is divided by 61?
58
Suppose -4*a + 6*v = v - 865, 4*v + 4 = 0. What is the remainder when a is divided by 180?
35
Let d = -37 + 33. Let t(n) = -18 + 27 + 25 + 2*n. Calculate the remainder when 48 is divided by t(d).
22
Suppose 68*a + 1379 = 75*a. What is the remainder when a is divided by 4?
1
Suppose -388*h + 33250 + 12146 = 0. Calculate the remainder when h is divided by 16.
5
Let b(q) = 28*q - 9 - 86*q - 57 + 34 - 93. What is the remainder when 487 is divided by b(-3)?
46
Suppose 0 = 3*y - 4*y + 15. Let p = -124 - -195. Let v = 80 - p. What is the remainder when y is divided by v?
6
Let f = 93 + -58. Let z(g) = -2*g + 8. Let u be z(4). Suppose u = -4*k + 5*k - 136. Calculate the remainder when k is divided by f.
31
Let l(n) = 23*n**2 - 404*n - 797. Suppose c - 12 - 9 = 3*m, -46 = -c - 2*m. Calculate the remainder when l(-2) is divided by c.
31
Suppose 74*o - 28 - 2972 = -40. Let p(c) = -6*c**3 + 3*c**2 + 4*c - 3. Let y be p(4). Let r = -124 - y. What is the remainder when r is divided by o?
39
Let y = 215 - 204. Suppose 0 = -y*q + 172 + 191. What is the remainder when 59 is divided by q?
26
Let r(a) = 23*a**2 - a - 2. Let y(x) = x**2 - 58*x + 98. What is the remainder when r(3) is divided by y(57)?
38
Let l(j) = j**3 + 2*j**2 + 27*j - 164. What is the remainder when 4193 is divided by l(4)?
33
Suppose -2*s = -3*x + 7*x - 1506, 0 = 2*s + x - 1503. Suppose 85 = -3*n + s. Let p = -4 - -19. What is the remainder when n is divided by p?
12
Suppose g - 83 = -5*x, 15*g - 136 = 13*g - 4*x. Suppose -62*w + g*w = -516. Calculate the remainder when w is divided by 1/(-4) - 210/(-8).
25
Suppose 40*f + 288 = 888. Let j = -68 - -120. Calculate the remainder when j is divided by f.
7
Let n = -8 - -16. Let f = 18 - 18. What is the remainder when f - (39*4)/(